
0
Let h(s) = s**2 + 15*s + 7. Determine h(-12).
-29
Let x(b) = -b**2 + 4*b + 4. Determine x(5).
-1
Let p(y) = -y**3 + 3*y**2 + 5*y - 4. Determine p(4).
0
Let k(q) = q**2 - 16*q - 18. Give k(16).
-18
Let a(y) = -y**2 - 15*y + 4. Give a(-15).
4
Let d(w) = -w**2 + 48*w + 105. Calculate d(50).
5
Let d(q) = -q**2 + 12*q - 29. Give d(9).
-2
Let f(p) = -2*p**3 - 4*p**2 - 4*p - 6. Give f(-3).
24
Let x(w) = -w**3 + 14*w**2 - 26*w + 30. Give x(12).
6
Let u(b) = 5*b**2 - 2*b - 15. Calculate u(-4).
73
Let o(f) = f**3 - 6*f**2 - 18*f + 10. Give o(8).
-6
Let u(n) = 2*n + 41. Determine u(-15).
11
Let r(x) = -2*x**2 - 5*x + 25. Calculate r(3).
-8
Let z(o) = 2*o - 6. Determine z(-6).
-18
Let h(o) = -o**2 + 14*o + 54. Calculate h(16).
22
Let l(z) = -14*z**3 - 2*z**2 + 5*z - 4. Calculate l(1).
-15
Let c(j) = j**2 + 10*j + 10. Give c(-9).
1
Let l(o) = 3*o**3 - 22*o**2 - 15*o - 10. What is l(8)?
-2
Let k(p) = p**3 - 10*p**2 + 11*p - 10. Give k(9).
8
Let h(m) = m**2 - 9*m - 19. Give h(12).
17
Let w(r) = -46*r + 508. Determine w(11).
2
Let f(o) = -o**3 - 5*o**2 + 2*o - 4. What is f(-6)?
20
Let g(a) = a**2 + 4*a - 5. Determine g(5).
40
Let n(x) = -x**3 + x**2 + x - 3. Calculate n(3).
-18
Let d(o) = 3*o**3 + 2*o**2 + o + 1. What is d(-2)?
-17
Let l(m) = m**3 + 7*m**2 - 2*m + 2. Determine l(-8).
-46
Let t(z) = z**2 - z - 77. Determine t(-12).
79
Let l(a) = 44*a**3 - a**2 - 2*a + 2. Determine l(1).
43
Let v(z) = z**2 + 13*z + 10. What is v(-13)?
10
Let n(m) = -14*m + 135. Determine n(10).
-5
Let j(w) = -45*w - 640. Calculate j(-14).
-10
Let y(a) = 11*a**2 - 176*a - 3. Determine y(16).
-3
Let i(h) = -3*h + 6. Determine i(-3).
15
Let s(g) = -4*g + 29. Give s(7).
1
Let v(x) = x**2 - 18*x + 72. What is v(7)?
-5
Let h(j) = -j**3 - 5*j**2 - 3*j + 7. What is h(-4)?
3
Let s(x) = -8*x + 59. Calculate s(6).
11
Let f(m) = -m**3 - 5*m**2 - 5*m + 1. What is f(-4)?
5
Let t(k) = 4*k - 10. Calculate t(5).
10
Let d(t) = -t**3 - 6*t**2 + t + 9. Determine d(-5).
-21
Let y(f) = 34*f + 194. Calculate y(-6).
-10
Let q(c) = 3*c**3 - 2*c**2 - 5*c - 4. Give q(-2).
-26
Let d(x) = -4*x**2 - 6*x + 14. Give d(2).
-14
Let b(u) = -u**2 - 8*u - 8. What is b(-8)?
-8
Let l(r) = -9*r + 30. Give l(-13).
147
Let q(b) = b + 6. What is q(-6)?
0
Let z(s) = -8*s + 5. Determine z(1).
-3
Let l(z) = 2*z**2 - 9*z + 8. Calculate l(8).
64
Let x(n) = n**3 + 19*n**2 + 6*n + 121. What is x(-19)?
7
Let r(i) = 13*i + 10. Calculate r(-2).
-16
Let n(y) = 3*y - 4. What is n(5)?
11
Let p(h) = -6*h - 2. Give p(1).
-8
Let h(f) = 11*f**2 - 2*f. Determine h(-1).
13
Let u(q) = 7*q - 22. Give u(6).
20
Let u(d) = 30*d - 208. Calculate u(7).
2
Let q(n) = -36*n**2 + 1. Give q(1).
-35
Let k(h) = -h**3 + 3*h. What is k(3)?
-18
Let f(r) = -13*r**2 + 5*r - 5. Give f(1).
-13
Let l(c) = 7*c + 15. Give l(-7).
-34
Let v(g) = -12*g + 18. Determine v(-9).
126
Let k(i) = -2*i - 24. What is k(-17)?
10
Let a(i) = -i**3 + 7*i**2 - 3*i - 9. Determine a(8).
-97
Let g(b) = -4*b**2 - 25*b - 7. Give g(-5).
18
Let o(k) = -2*k - 33. Determine o(6).
-45
Let s(z) = -2*z**2 + 14*z - 15. What is s(5)?
5
Let f(b) = -b**3 + 19*b**2 + 17*b + 53. Calculate f(20).
-7
Let o(g) = -6*g - 10. Determine o(0).
-10
Let t(r) = r + 22. Determine t(-19).
3
Let h(d) = 2*d + 31. Determine h(-7).
17
Let r(n) = 2*n**2 + 10*n + 6. What is r(-9)?
78
Let u(q) = -2*q**3 + 102*q**2 + 106*q - 101. Give u(52).
3
Let m(g) = -g**2 + 9*g - 17. What is m(7)?
-3
Let u(m) = 10*m - 5. What is u(1)?
5
Let y(j) = -9*j - 7. Give y(-3).
20
Let y(l) = 13*l + 56. Give y(-6).
-22
Let r(m) = -3*m**2 + 29*m + 3. Give r(12).
-81
Let p(g) = -g**3 - 7*g**2 + 16*g - 7. Calculate p(2).
-11
Let z(m) = -20*m + 67. Determine z(4).
-13
Let p(i) = -2*i**2 - 4*i + 3. Calculate p(3).
-27
Let n(m) = m - 2. Calculate n(7).
5
Let w(h) = 13*h - 354. Determine w(27).
-3
Let x(p) = -p**2 + 5*p + 6. What is x(5)?
6
Let i(t) = t**2 - 3*t - 7. Determine i(-3).
11
Let z(a) = -a**2 - 15*a - 40. Give z(-4).
4
Let b(a) = -43*a + 8. What is b(0)?
8
Let y(f) = -2*f - 24. Calculate y(10).
-44
Let i(b) = b**2 + b - 1. Determine i(-1).
-1
Let f(j) = 4*j**2 - j. Give f(2).
14
Let v(r) = 3*r**3 - 3*r**2 - 2*r - 3. Determine v(-2).
-35
Let b(c) = 3*c - 23. What is b(14)?
19
Let o(x) = -x**2 + 14*x - 8. What is o(13)?
5
Let r(f) = -f**3 + 5*f**2 - 2*f + 7. Give r(5).
-3
Let k(x) = -2*x**2 - x - 10. What is k(-5)?
-55
Let n(a) = -6*a**2 - 6*a - 57. Calculate n(-5).
-177
Let x(f) = 12*f + 152. What is x(-13)?
-4
Let w(k) = -k**3 + 11*k**2 - 4*k + 209. Determine w(12).
17
Let h(r) = r - 31. Give h(11).
-20
Let n(b) = 4*b**3 - 3*b**2 + 2*b + 2. Calculate n(2).
26
Let l(i) = i**3 + 19*i**2 - 3*i. What is l(-19)?
57
Let f(v) = -32*v + 12. Determine f(1).
-20
Let v(l) = -2*l**3 + 12*l**2 - 11*l + 8. Give v(5).
3
Let k(c) = c**2 + 6*c - 4. Give k(-9).
23
Let q(n) = -n**3 + 5*n**2 - 2*n - 5. Calculate q(4).
3
Let v(t) = 26*t + 1. Give v(1).
27
Let t(v) = -v**3 - 6*v**2 - 9*v - 7. Calculate t(-4).
-3
Let u(o) = 2*o**2 + 4*o + 2. What is u(-3)?
8
Let x(b) = 6*b + 6. Determine x(-2).
-6
Let w(t) = t**2 - 3*t - 51. Give w(-5).
-11
Let r(x) = -3*x**2 + 7*x - 1. What is r(5)?
-41
Let d(j) = -2*j**2 + 5*j + 3. Determine d(6).
-39
Let n(p) = p + 9. What is n(-16)?
-7
Let d(p) = p + 3. Calculate d(-2).
1
Let t(j) = -j**3 - 2*j**2 - j + 2. Calculate t(-3).
14
Let s(r) = -r**3 - 7*r**2 - 3*r + 3. What is s(-7)?
24
Let c(d) = -d + 4. Calculate c(-2).
6
Let i(z) = 22*z**2 - z. What is i(-1)?
23
Let s(g) = g**3 - 6*g**2 + 3*g + 11. What is s(4)?
-9
Let b(t) = -39*t + 7. Calculate b(1).
-32
Let d(n) = -n**2 + 8*n - 2. What is d(8)?
-2
Let v(r) = -r**2 + 29*r - 27. What is v(28)?
1
Let z(a) = -46*a - 141. Determine z(-3).
-3
Let p(g) = g**2 + g + 6. Calculate p(-2).
8
Let r(a) = -a**2 + 22. Calculate r(5).
-3
Let r(u) = 6*u**2 - 2*u - 4. Calculate r(3).
44
Let b(n) = -n**3 - n**2 + 6*n - 3. What is b(-4)?
21
Let j(c) = c**2 + 17*c - 17. Calculate j(1).
1
Let f(m) = -m**3 + 6*m**2 - 9*m + 17. Determine f(5).
-3
Let h(k) = k**3 + 3*k**2 - 3*k. Calculate h(-3).
9
Let u(o) = -61*o + 179. Give u(3).
-4
Let t(k) = -2*k. What is t(0)?
0
Let h(n) = -2*n + 1. Give h(7).
-13
Let s(a) = -2*a**3 + 5*a**2 - 3*a + 2. What is s(3)?
-16
Let j(y) = 51*y + 1. Determine j(1).
52
Let n(q) = -q**2 - 175*q + 349. Determine n(2).
-5
Let d(b) = 2*b**2 + 7*b. Determine d(-5).
15
Let i(l) = l**2 - 16*l - 35. Determine i(17).
-18
Let y(b) = 2*b**2 + 45*b + 172. Give y(-5).
-3
Let g(o) = 3*o + 29. Calculate g(-12).
-7
Let a(b) = 41*b**3 - b**2. Give a(1).
40
Let z(v) = -v**3 + 9*v**2 + v - 7. Calculate z(9).
2
Let g(d) = -d**3 - 10*d**2 + 4*d + 12. Give g(-10).
-28
Let h(w) = 3*w**2. Determine h(-2).
12
Let u(v) = v**2 - 3*v - 2. Give u(3).
-2
Let g(u) = 4*u - 43. Give g(13).
9
Let i(r) = 2*r**2 + 10*r - 8. What is i(-8)?
40
Let v(k) = k**3 + 3*k**2 - 8*k - 9. Determine v(-6).
-69
Let o(l) = -2*l**3 - 24*l**2 - 24*l - 14. What is o(-11)?
8
Let v(z) = -z**2 - 3*z + 161. What is v(0)?
161
Let a(f) = 2*f**3 - 11*f**2 + 4*f + 1. Give a(6).
61
Let x(y) = 20*y**2 + 2*y + 5. Give x(-2).
81
Let l(j) = -j**2 + 4*j + 23. Give l(-7).
-54
Let j(v) = 9*v + 98. Calculate j(-8).
26
Let i(l) = -11*l - 154. Determine i(-16).
22
Let a(w) = -2*w + 14. Calculate a(-10).
34
Let t(i) = -i**3 - 18*i**2 - 17*i - 11. Give t(-17).
-11
Let o(y) = -y + 13. Give o(10).
3
Let p(q) = 9*q - 16. What is p(5)?
29
Let a(k) = -2*k**3 + 25*k**2 - 11*k - 7. What is a(12)?
5
Let f(o) = -18*o + 184. Give f(14).
-68
Let i(t) = -t**3 - 14. Calculate i(0).
-14
Let x(m) = m**2 - 2. Calculate x(-2).
2
Let b(c) = 4*c - 3. What is b(-3)?
-15
Let p(g) = g**2 - 2*g - 5. Determine p(4).
3
Let a(r) = 4*r + 15. Give a(13).
67
Let c(f) = f**3 + 14*f**2 - f + 18. Determine c(-14).
32
Let i(k) = -3*k**3 + k**2. Give i(2).
-20
Let l(d) = 12*d + 4. What is l(-1)?
-8
Let o(i) = -i + 2. Calculate o(-9).
11
Let v(i) = -22*i**2 + 327*i + 54. Give v(15).
9
Let n(h) = h + 8. Calculate n(5).
13
Let r(m) = -m**2 + 10*m + 56. What is r(13)?
17
Let v(f) = -3*f**2 - 3*f + 3. What is v(1)?
-3
Let r(f) = -f**2 + 12*f + 11. Give r(13).
-2
Let i(z) = -12*z - 12. Determine i(3).
-48
Let d(x) = 7*x - 105. Calculate d(16).
7
Let b(j) = 2*j - 22. Give b(10).
-2
Let a(t) = 3*t + 31. What is a(-8)?
7
Let r(m) = -m**2 - 14*m - 7. Calculate r(-13).
6
Let m(